. List the prime factors of b.
2, 3, 5
Suppose 2*a - 5*p + 67 = 0, -3*p = -0*a - 2*a - 61. List the prime factors of (a/(-8) + 0)/((-1)/(-36)).
3, 13
Let b = 51 - -1. Let o = b + -16. List the prime factors of o.
2, 3
Suppose 121*m + 5880 = 145*m. List the prime factors of m.
5, 7
Suppose -4*k + 1862 = 2*y + 186, -k + 5*y = -419. What are the prime factors of k?
419
Let k(l) = -l**3 + l**2 - l + 328. What are the prime factors of k(0)?
2, 41
Let l = 176 + -156. What are the prime factors of l?
2, 5
Suppose -6 + 39 = -11*d. Let a = 94 + d. List the prime factors of a.
7, 13
Let f(w) = 1249*w**2 - 10*w + 19. List the prime factors of f(2).
3, 5, 37
Let y be 20*((-21)/15 - (4 - 6)). Suppose 5*t - q = 765, t + 5*q - 115 = y. What are the prime factors of t?
2, 19
Let f(j) = j**3 - 11*j**2 - 15*j - 18. Let o(a) = -7*a - 36. Let u be o(-7). What are the prime factors of f(u)?
5
Suppose -5*j + 8*o - 1385 = 3*o, -4*j = 5*o + 1072. Let a = j + 412. What are the prime factors of a?
139
Suppose -2*v + 5617 = -3*u - 613, -u + 12446 = 4*v. What are the prime factors of v?
2, 389
Let v be ((-13)/(-3))/((-1)/(-3) - 0). Suppose -2*l - 278 = -2*u, -3 = 4*l + v. What are the prime factors of u?
3, 5
Let b(o) = o**3 - 36*o**2 - 48*o - 152. What are the prime factors of b(38)?
2, 3, 19
Suppose -5*r = -p - 2195, -2*r + 5*p - 878 = -4*r. What are the prime factors of r?
439
Let t = 966 - 280. List the prime factors of t.
2, 7
Suppose p + p + 5*b = 1399, 5*p = 3*b + 3420. What are the prime factors of p?
3, 229
Suppose 5*m + 10*g - 5*g = 4690, g = 5*m - 4666. Suppose -13*b = 245 - m. What are the prime factors of b?
53
Suppose 6*k = -89 + 1487. Let t = 447 - k. List the prime factors of t.
2, 107
List the prime factors of 34/(6*6/342).
17, 19
Let u(k) = 3*k**2 + 19*k + 12. Suppose 2*l + 14 = -2. What are the prime factors of u(l)?
2, 13
Let f(d) = 11*d**3 - 2*d**2 - 4*d + 7. Let t = 44 - 42. What are the prime factors of f(t)?
79
Suppose 60 = 9*b - 3*b. Let v(t) = t**2 + 4*t + 7. Let d be v(5). What are the prime factors of (d/5)/(b/25)?
2, 13
Let z be ((-2)/4)/((-2)/44). Suppose -2*j + 22 = -a, 14*j - 10*j + 3*a - 64 = 0. Suppose z*u - j*u = -80. List the prime factors of u.
2, 5
Let q(w) = w - 3. Let a be q(4). Suppose 6 = 3*s, -n + 6 + a = s. Suppose 0*t = n*t + 3*z - 100, -3*z = 15. What are the prime factors of t?
23
Let m(d) = d**3 + 29*d**2 + 30*d + 67. Let x be m(-28). Let f be 3/(18/40)*3. Suppose -f - x = -k. List the prime factors of k.
31
Suppose 4*u = -4*g + 1620, 5*g = 5*u - 1921 - 74. List the prime factors of u.
2, 3, 67
Let s be (-26)/(-39) + (-14)/(-6). Let u = 1 + s. Suppose -p - 64 = -a + u*p, a = 3*p + 68. What are the prime factors of a?
2, 37
Let h = 14 + -14. Suppose h = r + r - 42. What are the prime factors of r?
3, 7
Let j = -294 - -450. Suppose -6*y + 12*y = j. What are the prime factors of y?
2, 13
Let f be 0 - -2*1 - -1. Suppose -35 = -s - 6*s. Suppose -4*q + o - 6*o + 292 = 0, s*o + 219 = f*q. List the prime factors of q.
73
Let c = -7 - 1. Let j(o) = o**2 - 20*o + 2. Let f be j(21). Let b = c + f. What are the prime factors of b?
3, 5
Let i(t) = -4*t + 6. Let f be i(3). Let o be (-1660)/(-15)*(-9)/f. Let b = -113 + o. What are the prime factors of b?
53
Let d(h) = 264*h - 233. What are the prime factors of d(5)?
1087
Let a(j) = -27*j**2 + 3*j + 2. Let q be a(-1). List the prime factors of (80/q)/((-6)/21).
2, 5
Let d = -826 - -1788. List the prime factors of d.
2, 13, 37
Let y(i) = i**2 + 3*i + 2. Let k be y(-3). Suppose -k*z = -z - 131. What are the prime factors of z?
131
Let y = -209 - -252. List the prime factors of y.
43
What are the prime factors of (1689/12)/(1/20)?
5, 563
Suppose 34 - 14 = 5*b. Suppose 4*q = -l - b*l + 293, -2*l - 2*q = -118. List the prime factors of l.
3, 19
Suppose -43 = 2*f - 179. Suppose 8 = 2*w, -4*c = -3*c + 5*w - f. List the prime factors of c.
2, 3
Let b(c) = c**2 + c + 1. Let u be b(-2). Let y(g) = 5*g. What are the prime factors of y(u)?
3, 5
Let k(d) = -46*d**3 - 4*d**2 + 5*d + 12. What are the prime factors of k(-3)?
3, 401
Let v = 1088 - 703. What are the prime factors of v?
5, 7, 11
Let v(l) = 369*l - 2. What are the prime factors of v(2)?
2, 23
Let p(d) = 3*d**2 + 0 - 1 - 16*d**3 + 3*d - 13*d**3. What are the prime factors of p(-1)?
2, 7
Suppose -985 = 177*a - 182*a. What are the prime factors of a?
197
Suppose -10 = 5*c + 2*k, -3*c - k - 15 = 2*k. Suppose -191*r + 188*r + 522 = c. What are the prime factors of r?
2, 3, 29
Suppose 0 = 7*n - 2180 - 1334. List the prime factors of n.
2, 251
What are the prime factors of -4 - 49104/32*8/(-6)?
2, 1021
Suppose 14*w - 2905 = 7*w. What are the prime factors of w?
5, 83
Let x = 4 + -2. Suppose 215 = 5*s + x*t, -2*s + 215 = 3*s + 4*t. Suppose 0 = -3*b + s + 14. List the prime factors of b.
19
Let d be (-5)/(-2) - (-7 + 8)/(-2). What are the prime factors of (-69)/(8/d - 3)?
3, 23
Suppose -t + 5 = -2*g, 2*g = 5*t + 3 - 28. Suppose 2*o = -g - 8. What are the prime factors of 200/(-30)*42/o?
2, 5, 7
Let c be (-422)/(-22) - (-12)/(-66). Let k = c + 15. What are the prime factors of k?
2, 17
Let j(i) = 25*i**2 + i - 2. Let q be j(-2). Let m be (-23)/(-7) - (-4)/(-14). Suppose m*k - 84 = q. List the prime factors of k.
2, 3, 5
Let i(x) = -x + 1. Let g be i(1). Suppose g = -0*n + 4*n - 12. Suppose 5*c = -4*l + 89, -l + 2*c = -n*c - 41. What are the prime factors of l?
2, 13
Let n = 2117 + -1169. List the prime factors of n.
2, 3, 79
Let o be 1/(-2)*(2 + -2). Suppose -b + 6*b = o. Suppose 5*q - 32 - 8 = b. What are the prime factors of q?
2
Suppose z = -1 + 3. Suppose 1116 = 8*u - z*u. List the prime factors of u.
2, 3, 31
What are the prime factors of -8 + (-3 - -6) + 381?
2, 47
Let u = -29 - -31. Suppose u*g - 2*q + 1 - 9 = 0, 4*g + 2 = -5*q. Suppose 3*j - 2*x - x - 162 = 0, -133 = -g*j - 3*x. What are the prime factors of j?
59
Let i(m) = -2*m**2. Let d be i(2). What are the prime factors of d/32 + (-357)/(-4)?
89
Let n be -1 - 28/(-2) - -1. Suppose -n*i = -11*i - 402. List the prime factors of i.
2, 67
Let p = 2176 - 1079. List the prime factors of p.
1097
Suppose -4*k - 264 = -b, 4*k = -b + 30 + 210. Suppose 8*x - b = -x. List the prime factors of x.
2, 7
List the prime factors of 0/6 + 329 + 7.
2, 3, 7
Suppose -6*n + 72 = -4*n. List the prime factors of n.
2, 3
Let b = -7 + 7. Suppose -4*o + 138 + 102 = b. Suppose -o = -4*k + 5*n, -4*n + 32 = 5*k - 84. List the prime factors of k.
2, 5
Suppose 5*j + 2*r + 2*r - 1458 = 0, 5*r - 1161 = -4*j. What are the prime factors of j?
2, 3, 7
Suppose -5*w + 4*w - 3*s + 2 = 0, 5*w - 4*s - 48 = 0. Let m = w - 8. Suppose m = -u + 2*u - 10. What are the prime factors of u?
2, 5
Let z(j) = j**3 + 11*j**2 + j + 19. Let x be z(-8). Let h = 287 - x. List the prime factors of h.
2, 3, 7
Suppose -5*q = 5*n + 1215, 725 = -3*n - 3*q - q. Let v = -159 - n. List the prime factors of v.
2, 11
Suppose -13*y + 9*y + 7102 = 2*r, 0 = -2*r + y + 7082. List the prime factors of r.
3, 1181
Let i = -13 + 14. Let v be ((-228)/(-30))/(i/5). Let l = v - 25. What are the prime factors of l?
13
Let g(v) = -2*v**2 - 6*v + 3. Suppose 3*f + 5*k = -5, 0*f + 3*f + 13 = -k. Let m be g(f). Let c = 21 + m. What are the prime factors of c?
2
Let m = 125 + -75. Suppose 5*l + 3*a = 2*a - 53, -4*l + 3*a - m = 0. What are the prime factors of (2 - l - -3)/1?
2
Let b = 82 - 78. Suppose 5*w + c - 39 = 0, -4*w + 32 = -c + 2*c. Suppose -b*n + w = -1. List the prime factors of n.
2
Suppose -4 = -0*j + 4*j, -5*l + 5*j + 8790 = 0. What are the prime factors of l?
7, 251
Let k = -566 + 998. What are the prime factors of k?
2, 3
Let l(f) = f**3 + f**2 - 51. What are the prime factors of l(10)?
1049
Suppose -4*c + 2*g = -578, -4*c + 6*g + 571 = 11*g. Let s = 239 - 169. Suppose 0 = 2*n - q - c + 7, -n = -q - s. List the prime factors of n.
67
Let x = -190 + 276. List the prime factors of x.
2, 43
What are the prime factors of ((-114)/(-95))/(9/4620)?
2, 7, 11
Suppose 3*n + 2 = -i, 2 = 3*n - i - 0*i. Let h be (-501)/(-3) + n + 3. Suppose 2*c + 3*c = h. List the prime factors of c.
2, 17
Let r(w) = -w**3 - 8*w**2 - 6*w + 7. Let g be r(-5). Let k = 134 + g. What are the prime factors of k?
2, 3
Let y be (-1)/(4/(-8)) + 1. Let v = 7 + y. What are the prime factors of 